{"id":372,"date":"2020-09-04T15:54:35","date_gmt":"2020-09-04T15:54:35","guid":{"rendered":"https:\/\/pragmadesign.com.ar\/eshop\/?post_type=product&#038;p=372"},"modified":"2020-09-11T21:44:06","modified_gmt":"2020-09-11T21:44:06","slug":"banderas-publicitarias-de-tela","status":"publish","type":"product","link":"https:\/\/pragmadesign.com.ar\/eshop\/producto\/banderas-publicitarias-de-tela\/","title":{"rendered":"BANDERAS PUBLICITARIAS DE TELA"},"content":{"rendered":"<p class=\"imTALeft\"><span class=\"cf3 ff1 fs20\"><b>CANTIDAD MINIMA 5 UNIDADES<\/b><\/span><\/p>\n<p>&nbsp;<\/p>\n<p class=\"imTALeft\"><span class=\"cf3 ff1 fs20\"><b>Cotizamos en el <\/b><\/span><b>d\u00eda<\/b><\/p>\n<p>Forma de pedir cotizacion: envianos medida sugerida, cantidad de colores y alg\u00fan otro detalle seg\u00fan su necesidad, pasaca\u00f1os, mas amarres, etc<\/p>\n<p>los tiempos normales de producci\u00f3n son de 15 dias aprox. pero con previo aviso puede realizarse en menos tiempo<\/p>\n<p>&nbsp;<\/p>\n<p>sugerencia: medida standard 120x70cm<\/p>\n<p>&nbsp;<\/p>\n<p class=\"imTALeft\"><span class=\"cf3 ff1 fs20\"><b>CARACTER\u00cdSTICAS \u00a0:<\/b><\/span><span class=\"ff1 fs20\"><br \/>\n<\/span><\/p>\n<ul>\n<li>\n<p class=\"imTALeft\"><span class=\"ff1 fs20\">Fabricadas en telas de poli\u00e9ster.<br \/>\n<\/span><\/p>\n<\/li>\n<li>\n<p class=\"imTALeft\"><span class=\"ff1 fs20\">Tejidos Ketten de punto bloqueado no se deshilacha.<\/span><\/p>\n<\/li>\n<li>\n<p class=\"imTALeft\"><span class=\"ff1 fs20\">Estampadas con pigmentos org\u00e1nicos\u00a0<\/span><span class=\"ff1 fs20\">con filtro UV\u00a0<\/span><span class=\"ff1 fs20\">fijadas con proceso ULTRA T a 150 \u00baC.<br \/>\n<\/span><\/p>\n<\/li>\n<li>\n<p class=\"imTALeft\"><span class=\"ff1 fs20\">Impresi\u00f3n con colorantes dispersos\u00a0<\/span><span class=\"ff1 fs20\">con filtro UV\u00a0<\/span><span class=\"ff1 fs20\">sistema Digital Directo a 180 \u00baC<br \/>\n<\/span><\/p>\n<\/li>\n<li>\n<p class=\"imTALeft\"><span class=\"ff1 fs20\">Colores Pantone Machic System.<\/span><\/p>\n<\/li>\n<\/ul>\n","protected":false},"excerpt":{"rendered":"<p>CANTIDAD MINIMA 5 UNIDADES &nbsp; Cotizamos en el d\u00eda Forma de pedir cotizacion: envianos medida sugerida, cantidad de colores y alg\u00fan otro detalle seg\u00fan su necesidad, pasaca\u00f1os, mas amarres, etc los tiempos normales de producci\u00f3n son de 15 dias aprox. pero con previo aviso puede realizarse en menos tiempo &nbsp; sugerencia: medida standard 120x70cm &nbsp; [&hellip;]<\/p>\n","protected":false},"featured_media":374,"template":"","meta":[],"product_brand":[],"product_cat":[36],"product_tag":[],"class_list":{"0":"post-372","1":"product","2":"type-product","3":"status-publish","4":"has-post-thumbnail","6":"product_cat-tienda","8":"first","9":"instock","10":"taxable","11":"shipping-taxable","12":"product-type-simple"},"_links":{"self":[{"href":"https:\/\/pragmadesign.com.ar\/eshop\/wp-json\/wp\/v2\/product\/372","targetHints":{"allow":["GET"]}}],"collection":[{"href":"https:\/\/pragmadesign.com.ar\/eshop\/wp-json\/wp\/v2\/product"}],"about":[{"href":"https:\/\/pragmadesign.com.ar\/eshop\/wp-json\/wp\/v2\/types\/product"}],"wp:featuredmedia":[{"embeddable":true,"href":"https:\/\/pragmadesign.com.ar\/eshop\/wp-json\/wp\/v2\/media\/374"}],"wp:attachment":[{"href":"https:\/\/pragmadesign.com.ar\/eshop\/wp-json\/wp\/v2\/media?parent=372"}],"wp:term":[{"taxonomy":"product_brand","embeddable":true,"href":"https:\/\/pragmadesign.com.ar\/eshop\/wp-json\/wp\/v2\/product_brand?post=372"},{"taxonomy":"product_cat","embeddable":true,"href":"https:\/\/pragmadesign.com.ar\/eshop\/wp-json\/wp\/v2\/product_cat?post=372"},{"taxonomy":"product_tag","embeddable":true,"href":"https:\/\/pragmadesign.com.ar\/eshop\/wp-json\/wp\/v2\/product_tag?post=372"}],"curies":[{"name":"wp","href":"https:\/\/api.w.org\/{rel}","templated":true}]}}

<p class="imTALeft"><span class="cf3 ff1 fs20"><b>CANTIDAD MINIMA 5 UNIDADES</b></span></p>
<p>&nbsp;</p>
<p class="imTALeft"><span class="cf3 ff1 fs20"><b>Cotizamos en el </b></span><b>día</b></p>
<p>Forma de pedir cotizacion: envianos medida sugerida, cantidad de colores y algún otro detalle según su necesidad, pasacaños, mas amarres, etc</p>
<p>los tiempos normales de producción son de 15 dias aprox. pero con previo aviso puede realizarse en menos tiempo</p>
<p>&nbsp;</p>
<p>sugerencia: medida standard 120x70cm</p>
<p>&nbsp;</p>
<p class="imTALeft"><span class="cf3 ff1 fs20"><b>CARACTERÍSTICAS  :</b></span><span class="ff1 fs20"><br />
</span></p>
<ul>
<li>
<p class="imTALeft"><span class="ff1 fs20">Fabricadas en telas de poliéster.<br />
</span></p>
</li>
<li>
<p class="imTALeft"><span class="ff1 fs20">Tejidos Ketten de punto bloqueado no se deshilacha.</span></p>
</li>
<li>
<p class="imTALeft"><span class="ff1 fs20">Estampadas con pigmentos orgánicos </span><span class="ff1 fs20">con filtro UV </span><span class="ff1 fs20">fijadas con proceso ULTRA T a 150 ºC.<br />
</span></p>
</li>
<li>
<p class="imTALeft"><span class="ff1 fs20">Impresión con colorantes dispersos </span><span class="ff1 fs20">con filtro UV </span><span class="ff1 fs20">sistema Digital Directo a 180 ºC<br />
</span></p>
</li>
<li>
<p class="imTALeft"><span class="ff1 fs20">Colores Pantone Machic System.</span></p>
</li>
</ul>

<p>CANTIDAD MINIMA 5 UNIDADES &nbsp; Cotizamos en el día Forma de pedir cotizacion: envianos medida sugerida, cantidad de colores y algún otro detalle según su necesidad, pasacaños, mas amarres, etc los tiempos normales de producción son de 15 dias aprox. pero con previo aviso puede realizarse en menos tiempo &nbsp; sugerencia: medida standard 120x70cm &nbsp; [&hellip;]</p>
