{"id":591,"date":"2022-03-16T11:47:57","date_gmt":"2022-03-16T11:47:57","guid":{"rendered":"https:\/\/pragmadesign.com.ar\/eshop\/?post_type=product&#038;p=591"},"modified":"2022-03-16T11:47:57","modified_gmt":"2022-03-16T11:47:57","slug":"carflags-banderas-para-ventanillas-de-autos","status":"publish","type":"product","link":"https:\/\/pragmadesign.com.ar\/eshop\/producto\/carflags-banderas-para-ventanillas-de-autos\/","title":{"rendered":"CARFLAGS &#8211; Banderas para ventanillas de autos"},"content":{"rendered":"<p>PEDIDO MINIMO 100U<\/p>\n<p>Banderas para ventanillas de autos.<br \/>\nMedida 30 x 45 cm.<br \/>\nTela de poli\u00e9ster de 60 o 70 gr por metro cuadrado.<br \/>\nDobladillos en el per\u00edmetro o al corte por calor.<br \/>\nM\u00e1stil pl\u00e1stico r\u00edgido de polipropileno negro recuperado de 50 cm de largo y 86 gr.<br \/>\nSoporta hasta 150 km\/ hora<\/p>\n","protected":false},"excerpt":{"rendered":"<p>PEDIDO MINIMO 100U<\/p>\n<p>Banderas para ventanillas de autos.<br \/>\nMedida 30 x 45 cm.<br \/>\nTela de poli\u00e9ster de 60 o 70 gr por metro cuadrado.<br \/>\nDobladillos en el per\u00edmetro o al corte por calor.<br \/>\nM\u00e1stil pl\u00e1stico r\u00edgido de polipropileno negro recuperado de 50 cm de largo y 86 gr.<br \/>\nSoporta hasta 150 km\/ hora<\/p>\n","protected":false},"featured_media":592,"template":"","meta":[],"product_brand":[],"product_cat":[36],"product_tag":[],"class_list":{"0":"post-591","1":"product","2":"type-product","3":"status-publish","4":"has-post-thumbnail","6":"product_cat-tienda","8":"first","9":"instock","10":"taxable","11":"shipping-taxable","12":"product-type-simple"},"_links":{"self":[{"href":"https:\/\/pragmadesign.com.ar\/eshop\/wp-json\/wp\/v2\/product\/591","targetHints":{"allow":["GET"]}}],"collection":[{"href":"https:\/\/pragmadesign.com.ar\/eshop\/wp-json\/wp\/v2\/product"}],"about":[{"href":"https:\/\/pragmadesign.com.ar\/eshop\/wp-json\/wp\/v2\/types\/product"}],"wp:featuredmedia":[{"embeddable":true,"href":"https:\/\/pragmadesign.com.ar\/eshop\/wp-json\/wp\/v2\/media\/592"}],"wp:attachment":[{"href":"https:\/\/pragmadesign.com.ar\/eshop\/wp-json\/wp\/v2\/media?parent=591"}],"wp:term":[{"taxonomy":"product_brand","embeddable":true,"href":"https:\/\/pragmadesign.com.ar\/eshop\/wp-json\/wp\/v2\/product_brand?post=591"},{"taxonomy":"product_cat","embeddable":true,"href":"https:\/\/pragmadesign.com.ar\/eshop\/wp-json\/wp\/v2\/product_cat?post=591"},{"taxonomy":"product_tag","embeddable":true,"href":"https:\/\/pragmadesign.com.ar\/eshop\/wp-json\/wp\/v2\/product_tag?post=591"}],"curies":[{"name":"wp","href":"https:\/\/api.w.org\/{rel}","templated":true}]}}