{"id":614,"date":"2022-05-28T13:50:46","date_gmt":"2022-05-28T13:50:46","guid":{"rendered":"https:\/\/pragmadesign.com.ar\/eshop\/?post_type=product&#038;p=614"},"modified":"2022-05-28T13:50:46","modified_gmt":"2022-05-28T13:50:46","slug":"tira-portaprecio-para-info-variable","status":"publish","type":"product","link":"https:\/\/pragmadesign.com.ar\/eshop\/producto\/tira-portaprecio-para-info-variable\/","title":{"rendered":"TIRA PORTAPRECIO para info variable"},"content":{"rendered":"<div class=\"elementor-element elementor-element-edc3e09 elementor-widget elementor-widget-heading\" data-id=\"edc3e09\" data-element_type=\"widget\" data-widget_type=\"heading.default\">\n<div class=\"elementor-widget-container\">\n<h4 class=\"elementor-heading-title elementor-size-default\">TIRA PORTAPRECIO RECTA ADHESIVA<\/h4>\n<\/div>\n<\/div>\n<div class=\"elementor-element elementor-element-1e661cc elementor-widget-divider--view-line elementor-widget elementor-widget-divider\" data-id=\"1e661cc\" data-element_type=\"widget\" data-widget_type=\"divider.default\">\n<div class=\"elementor-widget-container\">\n<div class=\"elementor-divider\"><\/div>\n<\/div>\n<\/div>\n<div class=\"elementor-element elementor-element-b20b92e elementor-widget elementor-widget-theme-post-content\" data-id=\"b20b92e\" data-element_type=\"widget\" data-widget_type=\"theme-post-content.default\">\n<div class=\"elementor-widget-container\">\n<p>Para estanter\u00edas g\u00f3ndolas \u2013 frente cristal para colocar precios o informacion variable.<\/p>\n<p>Espalda con cinta adhesiva de contacto. Se adapta a la mayor\u00eda de g\u00f3ndolas simplemente sacando el adhesivo y peg\u00e1ndola.<\/p>\n<p>CORTE DE LARGO A MEDIDA<\/p>\n<p>Medias Disponibles<\/p>\n<p>130 cm largo x 35 mm alto<\/p>\n<p>130 cm largo x 44 mm alto<\/p>\n<p>120 cm largo x 80 mm alto (para racks)<\/p>\n<\/div>\n<\/div>\n","protected":false},"excerpt":{"rendered":"<div class=\"elementor-element elementor-element-edc3e09 elementor-widget elementor-widget-heading\" data-id=\"edc3e09\" data-element_type=\"widget\" data-widget_type=\"heading.default\">\n<div class=\"elementor-widget-container\">\n<h4 class=\"elementor-heading-title elementor-size-default\">TIRA PORTAPRECIO RECTA ADHESIVA<\/h4>\n<\/div>\n<\/div>\n<div class=\"elementor-element elementor-element-1e661cc elementor-widget-divider--view-line elementor-widget elementor-widget-divider\" data-id=\"1e661cc\" data-element_type=\"widget\" data-widget_type=\"divider.default\">\n<div class=\"elementor-widget-container\">\n<div class=\"elementor-divider\"><\/div>\n<\/div>\n<\/div>\n<div class=\"elementor-element elementor-element-b20b92e elementor-widget elementor-widget-theme-post-content\" data-id=\"b20b92e\" data-element_type=\"widget\" data-widget_type=\"theme-post-content.default\">\n<div class=\"elementor-widget-container\">\n<p>Para estanter\u00edas g\u00f3ndolas \u2013 frente cristal para colocar precios o informacion variable.<\/p>\n<p>Espalda con cinta adhesiva de contacto. Se adapta a la mayor\u00eda de g\u00f3ndolas simplemente sacando el adhesivo y peg\u00e1ndola.<\/p>\n<p>CORTE DE LARGO A MEDIDA<\/p>\n<p>Medias Disponibles<\/p>\n<p>130 cm largo x 35 mm alto<\/p>\n<p>130 cm largo x 44 mm alto<\/p>\n<p>120 cm largo x 80 mm alto (para racks)<\/p>\n<\/div>\n<\/div>\n","protected":false},"featured_media":615,"template":"","meta":[],"product_brand":[],"product_cat":[36],"product_tag":[],"class_list":{"0":"post-614","1":"product","2":"type-product","3":"status-publish","4":"has-post-thumbnail","6":"product_cat-tienda","8":"first","9":"instock","10":"taxable","11":"shipping-taxable","12":"product-type-simple"},"_links":{"self":[{"href":"https:\/\/pragmadesign.com.ar\/eshop\/wp-json\/wp\/v2\/product\/614","targetHints":{"allow":["GET"]}}],"collection":[{"href":"https:\/\/pragmadesign.com.ar\/eshop\/wp-json\/wp\/v2\/product"}],"about":[{"href":"https:\/\/pragmadesign.com.ar\/eshop\/wp-json\/wp\/v2\/types\/product"}],"wp:featuredmedia":[{"embeddable":true,"href":"https:\/\/pragmadesign.com.ar\/eshop\/wp-json\/wp\/v2\/media\/615"}],"wp:attachment":[{"href":"https:\/\/pragmadesign.com.ar\/eshop\/wp-json\/wp\/v2\/media?parent=614"}],"wp:term":[{"taxonomy":"product_brand","embeddable":true,"href":"https:\/\/pragmadesign.com.ar\/eshop\/wp-json\/wp\/v2\/product_brand?post=614"},{"taxonomy":"product_cat","embeddable":true,"href":"https:\/\/pragmadesign.com.ar\/eshop\/wp-json\/wp\/v2\/product_cat?post=614"},{"taxonomy":"product_tag","embeddable":true,"href":"https:\/\/pragmadesign.com.ar\/eshop\/wp-json\/wp\/v2\/product_tag?post=614"}],"curies":[{"name":"wp","href":"https:\/\/api.w.org\/{rel}","templated":true}]}}