{"id":894,"date":"2024-04-18T12:18:50","date_gmt":"2024-04-18T12:18:50","guid":{"rendered":"https:\/\/pragmadesign.com.ar\/eshop\/?post_type=product&#038;p=894"},"modified":"2024-04-18T12:22:57","modified_gmt":"2024-04-18T12:22:57","slug":"carteles-y-senales-en-pvc-espumado","status":"publish","type":"product","link":"https:\/\/pragmadesign.com.ar\/eshop\/producto\/carteles-y-senales-en-pvc-espumado\/","title":{"rendered":"Carteles y se\u00f1ales en PVC espumado"},"content":{"rendered":"<p>Carteles y se\u00f1ales en PVC espumado<\/p>\n<p>de 3mm de espesor<\/p>\n<p>El PVC espumado en placas es uno de los materiales pl\u00e1sticos m\u00e1s vers\u00e1tiles que existen para interiores \/ exterior,<\/p>\n<p>Es adem\u00e1s un pl\u00e1stico muy r\u00edgido dif\u00edcilmente se puede inflamar.<\/p>\n<p>Solicite cotizaci\u00f3n en\u00a0 medida y cantidad\u00a0 necesaria<\/p>\n<p>&nbsp;<\/p>\n","protected":false},"excerpt":{"rendered":"<p>Carteles y se\u00f1ales en PVC espumado<\/p>\n<p>de 3mm de espesor<\/p>\n<p>El PVC espumado en placas es uno de los materiales pl\u00e1sticos m\u00e1s vers\u00e1tiles que existen para interiores \/ exterior,<\/p>\n<p>Es adem\u00e1s un pl\u00e1stico muy r\u00edgido dif\u00edcilmente se puede inflamar.<\/p>\n<p>Solicite cotizaci\u00f3n en\u00a0 medida y cantidad\u00a0 necesaria<\/p>\n","protected":false},"featured_media":895,"template":"","meta":[],"product_brand":[],"product_cat":[36],"product_tag":[],"class_list":{"0":"post-894","1":"product","2":"type-product","3":"status-publish","4":"has-post-thumbnail","6":"product_cat-tienda","8":"first","9":"instock","10":"taxable","11":"shipping-taxable","12":"product-type-simple"},"_links":{"self":[{"href":"https:\/\/pragmadesign.com.ar\/eshop\/wp-json\/wp\/v2\/product\/894","targetHints":{"allow":["GET"]}}],"collection":[{"href":"https:\/\/pragmadesign.com.ar\/eshop\/wp-json\/wp\/v2\/product"}],"about":[{"href":"https:\/\/pragmadesign.com.ar\/eshop\/wp-json\/wp\/v2\/types\/product"}],"wp:featuredmedia":[{"embeddable":true,"href":"https:\/\/pragmadesign.com.ar\/eshop\/wp-json\/wp\/v2\/media\/895"}],"wp:attachment":[{"href":"https:\/\/pragmadesign.com.ar\/eshop\/wp-json\/wp\/v2\/media?parent=894"}],"wp:term":[{"taxonomy":"product_brand","embeddable":true,"href":"https:\/\/pragmadesign.com.ar\/eshop\/wp-json\/wp\/v2\/product_brand?post=894"},{"taxonomy":"product_cat","embeddable":true,"href":"https:\/\/pragmadesign.com.ar\/eshop\/wp-json\/wp\/v2\/product_cat?post=894"},{"taxonomy":"product_tag","embeddable":true,"href":"https:\/\/pragmadesign.com.ar\/eshop\/wp-json\/wp\/v2\/product_tag?post=894"}],"curies":[{"name":"wp","href":"https:\/\/api.w.org\/{rel}","templated":true}]}}

Carteles y señales en PVC espumado

<p>Carteles y señales en PVC espumado</p>
<p>de 3mm de espesor</p>
<p>El PVC espumado en placas es uno de los materiales plásticos más versátiles que existen para interiores / exterior,</p>
<p>Es además un plástico muy rígido difícilmente se puede inflamar.</p>
<p>Solicite cotización en  medida y cantidad  necesaria</p>
<p>&nbsp;</p>

<p>Carteles y señales en PVC espumado</p>
<p>de 3mm de espesor</p>
<p>El PVC espumado en placas es uno de los materiales plásticos más versátiles que existen para interiores / exterior,</p>
<p>Es además un plástico muy rígido difícilmente se puede inflamar.</p>
<p>Solicite cotización en  medida y cantidad  necesaria</p>
